{"version":"1.0","provider_name":"xqthenews","provider_url":"https:\/\/xqthenews.com\/es\/","title":"Pobreza energ\u00e9tica - xqthenews","type":"rich","width":600,"height":338,"html":"<blockquote class=\"wp-embedded-content\" data-secret=\"fA7xJZLhsT\"><a href=\"https:\/\/xqthenews.com\/es\/glossary\/pobreza-energetica\/\">Pobreza energ\u00e9tica<\/a><\/blockquote><iframe sandbox=\"allow-scripts\" security=\"restricted\" src=\"https:\/\/xqthenews.com\/es\/glossary\/pobreza-energetica\/embed\/#?secret=fA7xJZLhsT\" width=\"600\" height=\"338\" title=\"\u00abPobreza energ\u00e9tica\u00bb \u2014 xqthenews\" data-secret=\"fA7xJZLhsT\" frameborder=\"0\" marginwidth=\"0\" marginheight=\"0\" scrolling=\"no\" class=\"wp-embedded-content\"><\/iframe><script type=\"text\/javascript\">\n\/* <![CDATA[ *\/\n\/*! This file is auto-generated *\/\n!function(d,l){\"use strict\";l.querySelector&&d.addEventListener&&\"undefined\"!=typeof URL&&(d.wp=d.wp||{},d.wp.receiveEmbedMessage||(d.wp.receiveEmbedMessage=function(e){var t=e.data;if((t||t.secret||t.message||t.value)&&!\/[^a-zA-Z0-9]\/.test(t.secret)){for(var s,r,n,a=l.querySelectorAll('iframe[data-secret=\"'+t.secret+'\"]'),o=l.querySelectorAll('blockquote[data-secret=\"'+t.secret+'\"]'),c=new RegExp(\"^https?:$\",\"i\"),i=0;i<o.length;i++)o[i].style.display=\"none\";for(i=0;i<a.length;i++)s=a[i],e.source===s.contentWindow&&(s.removeAttribute(\"style\"),\"height\"===t.message?(1e3<(r=parseInt(t.value,10))?r=1e3:~~r<200&&(r=200),s.height=r):\"link\"===t.message&&(r=new URL(s.getAttribute(\"src\")),n=new URL(t.value),c.test(n.protocol))&&n.host===r.host&&l.activeElement===s&&(d.top.location.href=t.value))}},d.addEventListener(\"message\",d.wp.receiveEmbedMessage,!1),l.addEventListener(\"DOMContentLoaded\",function(){for(var e,t,s=l.querySelectorAll(\"iframe.wp-embedded-content\"),r=0;r<s.length;r++)(t=(e=s[r]).getAttribute(\"data-secret\"))||(t=Math.random().toString(36).substring(2,12),e.src+=\"#?secret=\"+t,e.setAttribute(\"data-secret\",t)),e.contentWindow.postMessage({message:\"ready\",secret:t},\"*\")},!1)))}(window,document);\n\/\/# sourceURL=https:\/\/xqthenews.com\/wp-includes\/js\/wp-embed.min.js\n\/* ]]> *\/\n<\/script>\n","description":"La definici\u00f3n de Pobreza Energ\u00e9tica no fue consensuada en la UE, ya que varios Estados miembros adoptaron una definici\u00f3n diferente teniendo en cuenta su realidad nacional. Sin embargo, en la Directiva (UE) 2023\/1791 del Parlamento Europeo y del Consejo, de 13 de septiembre, relativa a la eficiencia energ\u00e9tica, se estableci\u00f3 por primera vez una definici\u00f3n"}

Pobreza energética - xqthenews

<blockquote class="wp-embedded-content" data-secret="fA7xJZLhsT"><a href="https://xqthenews.com/es/glossary/pobreza-energetica/">Pobreza energética</a></blockquote><iframe sandbox="allow-scripts" security="restricted" src="https://xqthenews.com/es/glossary/pobreza-energetica/embed/#?secret=fA7xJZLhsT" width="600" height="338" title="«Pobreza energética» — xqthenews" data-secret="fA7xJZLhsT" frameborder="0" marginwidth="0" marginheight="0" scrolling="no" class="wp-embedded-content"></iframe><script type="text/javascript">
/* <![CDATA[ */
/*! This file is auto-generated */
!function(d,l){"use strict";l.querySelector&&d.addEventListener&&"undefined"!=typeof URL&&(d.wp=d.wp||{},d.wp.receiveEmbedMessage||(d.wp.receiveEmbedMessage=function(e){var t=e.data;if((t||t.secret||t.message||t.value)&&!/[^a-zA-Z0-9]/.test(t.secret)){for(var s,r,n,a=l.querySelectorAll('iframe[data-secret="'+t.secret+'"]'),o=l.querySelectorAll('blockquote[data-secret="'+t.secret+'"]'),c=new RegExp("^https?:$","i"),i=0;i<o.length;i++)o[i].style.display="none";for(i=0;i<a.length;i++)s=a[i],e.source===s.contentWindow&&(s.removeAttribute("style"),"height"===t.message?(1e3<(r=parseInt(t.value,10))?r=1e3:~~r<200&&(r=200),s.height=r):"link"===t.message&&(r=new URL(s.getAttribute("src")),n=new URL(t.value),c.test(n.protocol))&&n.host===r.host&&l.activeElement===s&&(d.top.location.href=t.value))}},d.addEventListener("message",d.wp.receiveEmbedMessage,!1),l.addEventListener("DOMContentLoaded",function(){for(var e,t,s=l.querySelectorAll("iframe.wp-embedded-content"),r=0;r<s.length;r++)(t=(e=s[r]).getAttribute("data-secret"))||(t=Math.random().toString(36).substring(2,12),e.src+="#?secret="+t,e.setAttribute("data-secret",t)),e.contentWindow.postMessage({message:"ready",secret:t},"*")},!1)))}(window,document);
//# sourceURL=https://xqthenews.com/wp-includes/js/wp-embed.min.js
/* ]]> */
</script>

La definición de Pobreza Energética no fue consensuada en la UE, ya que varios Estados miembros adoptaron una definición diferente teniendo en cuenta su realidad nacional. Sin embargo, en la Directiva (UE) 2023/1791 del Parlamento Europeo y del Consejo, de 13 de septiembre, relativa a la eficiencia energética, se estableció por primera vez una definición
